3 + -1?
-9
Calculate -29 - (-65 - -26) - ((-1 - 2) + -1).
14
(21 - (0 - -26)) + 34
29
Calculate -8 + (8 - 12) - -20 - 19.
-11
Calculate (8 - -3) + (9 + -1 - 4).
15
Evaluate -6 + (1 + (-3 - -4) - -5) + 1.
2
(-13 - -8) + 12 + 7 + 5
19
-3 + (2 - -10) + (-7 - (-16 + -7))
25
What is (-16 - -15) + -7 + 0 + 2?
-6
What is the value of -101 - -92 - (-1 + 5 - 1) - 9?
-21
What is the value of 19 + -29 + 5 - -28?
23
Calculate 1 - -4 - ((-16 - -16) + -14).
19
What is the value of (49 - 25) + (10 - ((3 - 6) + 1))?
36
Evaluate -28 + (56 + -26 - 18).
-16
What is (-16 + 20 - -6) + 2?
12
Evaluate (-9 - (-102 - -108 - (1 - -8))) + -5.
-11
What is (6 - (4 - (-3 + -8) - 6)) + 1?
-2
-3 - (5 - -1) - (-25 + 25)
-9
What is 4 + -12 - (-12 + -1)?
5
What is the value of (10 + 2 - 16) + (-14 - -1) + 8?
-9
Evaluate -2 + 4 + -10 + 11 - (6 + 0).
-3
(8 - (3 + 5 + -6)) + 4
10
Calculate (22 - (18 - -2)) + -9.
-7
Calculate -17 - (4 + 0 + -18).
-3
What is -4 + (6 - 4) + (-8 - -13) + -20?
-17
Calculate -14 - ((9 - (-11 + 30)) + 18).
-22
Evaluate 2 - (9 - (0 - -1)) - -17.
11
Calculate -3 + 0 - ((-1 - 30) + 22).
6
What is 6 - (10 - -2) - (-25 - -43)?
-24
What is 13 + 0 + (2 - -5) + -14 + 9?
15
Evaluate 58 + -66 - (8 - (1 + 0) - 1).
-14
(-280 - -290 - (1 + 0 + 2)) + -31
-24
(106 - 93) + (-8 - -1) - (-3 - -27)
-18
Evaluate -11 + (15 + 6 + -13 - (0 + 12)).
-15
Evaluate 25 + (0 - -1) + 0 + -1009 + 1017.
34
What is (-4 - -3) + -4 + 0 + 1 + 12?
8
2 + 7 + -6 + (3 - 15)
-9
Evaluate 37 + -11 + -12 + -17.
-3
11 + 0 + (-1 - (-14 - -21))
3
Calculate 8 + -1 + -2 - -7 - 3.
9
Calculate (0 + 6 - (10 + 4 + -26)) + -3.
15
What is -5 - (-18 - (-2 - 3))?
8
Calculate (18 - -1) + (4 - 13 - (-19 - -17)).
12
Calculate -3 + (16 - 42 - (-14 + -2)).
-13
What is the value of -5 + (14 - (32 + -16))?
-7
30 - 51 - 14 - (-10 + (3 - 2))
-26
What is the value of (12 - 12) + (3 - (3 - 1)) - 1?
0
Calculate -2 - 3 - ((9 - 6) + -2).
-6
What is the value of 1 + 574 + -576 + (-1 - 13)?
-15
Evaluate (-1 - 10) + (67 - 61).
-5
Evaluate -5 - ((2 - 2) + (1 - -1) + 0).
-7
What is -2 + 1 + (6 + 6 - 3)?
8
What is the value of -37 - (-78 + 35 - -41)?
-35
(502 - 507) + 2 + (0 - 10)
-13
Evaluate -4 - (-4 + 8 + -19 - (-1 + -1)).
9
-14 + (-39 - -15) - (-5 + 2) - -5
-30
Evaluate -6 + -4 - (-49 - -45) - -8.
2
What is -8 - 1 - (872 - 857)?
-24
What is -19 + (33 + -5 - 12)?
-3
What is the value of -24 - -7 - -13 - -10?
6
What is the value of -11 + (-4 - (6 + -4)) - -2?
-15
What is the value of 21 - ((-9 + 12 - -2) + 4)?
12
Evaluate -37 - (23 - 44) - -11.
-5
-17 + 7 - 5 - -12
-3
Evaluate -27 + (-1 - (-11 + 4) - (5 + 0)).
-26
Evaluate 111 + -105 - (1 + 13).
-8
Evaluate (11 + -2 - 3) + -12 + 2 - -14.
10
3 + 0 + (-9 - 1) - -3
-4
What is 5 - -21 - (6 - (-13 + 14))?
21
14 + -13 + (1 - 0) + (11 - 15)
-2
Calculate -89 + 84 + (1 - (-4 - 17)).
17
Calculate 3 + 14 + 14 + -43.
-12
Calculate (17 - 6) + (-37 - -8 - (12 + -4)).
-26
Calculate 0 + -38 + 0 + (14 + -12 - -1).
-35
What is the value of 1 + 3 + -10 + 11 - (-1 + -16)?
22
Evaluate 4 + (-4 + 5 - (5 - (0 + -6))).
-6
Evaluate -30 - (-29 - (-29 - -16)).
-14
What is -6 + (17 - 14) - (3 - 20)?
14
What is the value of 5 + 2 + (6 - 22) + 4?
-5
What is 1 + 9 + -79 + 62?
-7
Calculate 44 + -12 + -24 + -3 + 9.
14
Calculate -16 - (2 - 4) - (18 + -31 + 14).
-15
Evaluate 5 + -4 - ((8 - 13) + 4).
2
Evaluate (-2 - -8 - 33) + (-15 - -15) + 11.
-16
Evaluate 33 + 1 - (-1496 + 1516).
14
0 + (-29 - (-30 + 7))
-6
Calculate (24 - 2) + (-29 - -17) - (3 + -1).
8
(-11 - -5) + -2 - (-30 - -25)
-3
2 + -2 - (5 + (-6 - 4) - 8)
13
Evaluate 1 - ((8 - -11) + -7) - -10.
-1
Calculate 12 + 36 - 17 - (-1 - -12).
20
(16 - 12 - 16) + 0
-12
Calculate (-357 - -342) + (-14 - 0).
-29
Calculate 15 + (-28 - (10 + -6)) - -35.
18
Evaluate 8 + -5 + (-9 - -3) + 9.
6
What is the value of -30 - ((11 - (9 + -7 - -6)) + -8)?
-25
What is 3 - ((3 - (-5 - -3)) + 6)?
-8
What is -7 - ((7 - -4) + (-16 - (6 + -21)))?
-17
Evaluate 23 + 7 + -8 + -8 - (-1 + 2).
13
Calculate -3 - (4 + -9 + 0 + 4 + 0).
-2
14 + -36 + 11 + 2 + (3 - 2)
-8
What is 7 - (1 + (-3 + 4 - 4) - -5)?
4
What is the value of (-4 + 1 + 9 - (-75 + 85)) + 12?
8
Calculate 8 + -10 + (-13 - -2).
-13
Evaluate 403 - 392 - (8 + 1).
2
What is 1 + -4 - -5 - ((9 - -2) + -1)?
-8
Evaluate (-7 + 3 + 5 - -9) + -26.
-16
Evaluate 2 + -2 + -3 + (-4 - -12).
5
Evaluate (-11 - -15 - -2) + -4.
2
(-75 - -50) + (14 - -8)
-3
-25 + (21 - (14 - (4 + 0)))
-14
What is 1 - -3 - (-40 + 88 - 37)?
-7
Evaluate -61 + (5 - -34) - -7.
-15
What is (45 - 36 - (19 + (3 - 2))) + 30?
19
2 - 0 - (-28 - -38) - (0 + 2)
-10
What is the value of (1 - -10 - (-37 - -39 - 3)) + -24?
-12
Evaluate 10 + (16 + -24 - 4).
-2
Evaluate (-8 - 0) + 41 + -34 - (-1 - 2).
2
Calculate 15 + -3 - (20 - (19 + -4)).
7
What is -10 - (10 + -5 - 7) - -9?
1
Evaluate 4 - 11 - (-20 - -6).
7
Evaluate 1 - (5 - (-5 + 18)).
9
Calculate (-12 - -75) + -8 - 23.
32
Evaluate -36 + 25 + (-5 - -6 - 4).
-14
What is -5 + (4 - (0 + -8)) + 0?
7
What is the value of (7 - 12) + (-1 - (4 + 0 - 2))?
-8
-5 + 0 + 8 + 3 + (-13 - -11)
4
6 + (0 + 18 + -4 - -1)
21
What is (1 - -3) + (-1 - 11 - (190 - 194))?
-4
What is the value of -3 - -6 - 8 - (10 + -9)?
-6
-16 + 64 + -20 - 1
27
What is the value of 3 - -25 - ((3 - -6) + -4 + 3)?
20
Evaluate 5 + (19 - (13 - (-7 - -7))).
11
Evaluate 56 + -65 - (-1 - (-2 + 5)).
-5
What is (-10 - 2) + 6 + -1?
-7
Evaluate 14 + 0 + 18 + -17.
15
What is -1 + 4 + 10 + -25 - 9?
-21
Evaluate (-17 - 11) + -2 + (-1 - (-6 - 4)).
-21
What is (-11 - -5) + (3 - -3) + 7?
7
(0 - -25) + (-10 - (14 + -8 + -17))
26
What is -2 + 0 - (30 + -31 - -30)?
-31
What is (26 - 21) + -19 + -1?
-15
What is 9 + 3 - (241 + -198)?
-31
(-10 + 8 + 2 + 9 - 3) + -25
-19
What is 36 + -2 - (308 - 283)?
9
(0 - -11) + (-370 - -367)
8
21 + -20 + 2 + -8 + 6
1
What is (3 - -26) + (-53 - (-88 + 38))?
26
-1 + (14 + -1 - (-13 + 37))
-12
6 - (4 + (11 - (7 - 23)))
-25
(4 - (-4 - 7 - -6)) + -7 - 11
-9
What is the value of 5 + 11 + -9 + 4 - 6 - 8?
-3
What is the value of 8 - (7 + 2 + (-9 - (-7 + 6)))?
7
Evaluate (-5 + (8 - 0) - 3) + -5.
-5
(-16 - 1) + 0 - (-2 - (7 - 2))
-10
What is 34 + -25 + -30 + 41?
20
33 + 1 + 1 + -27 + 13
21
Calculate -2 - (-6 + -4 + 0 + 3 + 11).
-6
Evaluate (-5 - -3) + (4 - (3 + -5)).
4
Calculate -27 + 21 - (0 - (1 - (-18 + 2))).
11
What is the value of 13 - (13 + (5 - -3))?
-8
What is the value of 14 + -31 - 8 - -34?
9
Evaluate 7 - (17 - (-9 - -13)).
-6
Calculate -10 + 38 + -2 + 12 + -21.
17
Calculate (14 - 59) + 45 - (-15 - 0).
15
0 + 0 + 4 - (54 + -63)
13
What is the value of 52 + -56 + (14 - 38)?
-28
Calculate (-14 - (-20 + 3)) + -3.
0
Calculate -7 + ((-7 - -44) + -29 - (4 - 1)).
-2
2 - (-1 - -12) - (-110 + 89)
12
Calculate -36 - (21 + -20 + (-8 - 9)).
-20
What is the value of (-10 - -2) + (-8 - -2)?
-14
What is (49 - (9 + 38)) + -1?
1
What is -4 + 4 + 3 + -20?
-17
(1 - -7) + 0 + -6 + -1 + 6
7
What is the value of 0 + 3 + -11 - (-2 + 14)?
-20
-1 + 3 + 1 + -13 + -8 + 9
-9
What is the value of (3 + (5 - 2) - (-60 - -55)) + 2?
13
Calculate -28 - (-5 + (-19 - -14)).
-18
Calculate 1 + (-7 - (-20 - -7) - (4 - 3)).
6
-1 + (2 - (8 + (8 - 23))) - -7
15
What is the value of 0 + 10 - (0 + -23 + 19 + 12)?
2
Calculate 12 - (-52 + (1 - -31)).
32
Calculate -3 + (-1 - (8 - 5 - -3)) + 0.
-10
-4 + 0 + 19 + (-1 - 5 - -1)
10
Calculate -3 - -38 - (0 - (-12 - -5)).
28
Calculate (-3 - (-3 - -3) - -1) + (-19 - -33).
12
30 - 14 - 16 - 18 - 11
-29
26 + -11 + 0 + -28
-13
Calculate -4 + (5 - 13) + -14 + (-9 - -55).
20
What is -1 - (-24 - -2) - 23?
-2
(-14 - -4) + -6 - (-2 + 6)
-20
0 + -15 + (-2 - -12 - 19 - -16)
-8
11 + (-33 + 10 - -8)
-4
What is -27 + (7 - -5) + 4?
-11
What is 1 - -1 - (2 + 0) - (-8 + -2)?
10
What is the value of 21 + 6 + (-9 - (-2 + 5))?
15
Calculate 82 + -74 + (-1 + -20 - 4 - -5).
-12
What is -21 + (-42 - -55) + -25 + 2?
-31
Evaluate -1 + 27 + -16 + -1.
9
What is 114 + -101 - (9 + 0)?
4
15 + -7 + -8 + 0 + 3
3
Calculate 24 + -45 - (-17 + 4).
-8
42 - 78 - (-38 + 0)
2
What is the value of (2 - (-4 - -6)) + 8?
8
(-4 - 5 - 3) + 25
13
What is -11 + (14 + -5 - (3 - 2))?
-3
What is the value of (6 - 3 - 12 - -6) + 22?
19
What is 0 - (6 + (-2 + 3 - (18 + -12)))?
-1
Evaluate (-35 - 3) + -44 + 85.
3
What is the value of (-31 - (-10 - 3)) + 41 - 14?
9
Calculate 5 + -1 - (34 + (-16 - -24 - 10)).